f 207635 and 7205?
655
Calculate the greatest common divisor of 1563 and 6068608.
521
Calculate the highest common factor of 143839 and 996.
83
Calculate the greatest common factor of 1857248 and 40.
8
What is the greatest common divisor of 7744 and 33880?
968
What is the greatest common divisor of 24424 and 2130?
142
Calculate the highest common divisor of 306 and 7582.
34
Calculate the highest common divisor of 194220 and 19090.
830
What is the highest common divisor of 119 and 1322787?
17
Calculate the highest common factor of 128595 and 60.
15
Calculate the highest common divisor of 1532 and 4.
4
What is the greatest common divisor of 408 and 15864?
24
Calculate the highest common factor of 1605 and 8291430.
1605
What is the highest common divisor of 1088 and 2363?
17
Calculate the highest common factor of 1615 and 29165.
95
Calculate the highest common factor of 402 and 135206.
134
What is the greatest common factor of 80 and 32048?
16
What is the highest common factor of 587359 and 188?
47
What is the greatest common factor of 15800 and 43213?
79
What is the greatest common factor of 226 and 671107?
113
Calculate the greatest common divisor of 12 and 1588644.
12
Calculate the greatest common divisor of 407169 and 843.
843
What is the highest common factor of 228 and 1534516?
76
Calculate the highest common factor of 2163 and 33578.
103
What is the highest common factor of 48 and 2428336?
16
Calculate the greatest common divisor of 21779 and 129923.
751
What is the highest common factor of 46407 and 4650?
93
Calculate the highest common factor of 345 and 175605.
345
Calculate the highest common factor of 20 and 22070.
10
What is the highest common divisor of 1991 and 10912?
11
Calculate the greatest common divisor of 19040 and 14.
14
Calculate the highest common factor of 42167 and 4321.
149
What is the greatest common divisor of 23131382 and 2182?
2182
What is the highest common divisor of 621 and 20309?
23
Calculate the highest common factor of 681172 and 12.
4
What is the highest common divisor of 88 and 12364?
44
What is the highest common divisor of 14 and 138159?
7
Calculate the greatest common factor of 14130 and 314.
314
Calculate the highest common divisor of 2184 and 5628.
84
Calculate the highest common factor of 29731 and 1339.
13
Calculate the highest common factor of 546 and 6383.
13
What is the highest common factor of 650 and 5525?
325
What is the greatest common divisor of 408 and 609144?
408
Calculate the greatest common factor of 1144426 and 1412.
706
What is the greatest common divisor of 518 and 19922?
14
Calculate the greatest common divisor of 2877 and 53592.
21
Calculate the highest common divisor of 225 and 22941.
9
Calculate the highest common divisor of 41895 and 209.
19
Calculate the greatest common factor of 103452 and 111.
111
What is the greatest common divisor of 32990 and 20?
10
Calculate the highest common divisor of 68849 and 9673.
569
What is the greatest common divisor of 1224 and 4572?
36
Calculate the highest common divisor of 260432 and 2624.
656
Calculate the greatest common divisor of 36 and 2090034.
18
Calculate the highest common divisor of 29905 and 30.
5
What is the highest common divisor of 14523 and 22866?
309
What is the greatest common divisor of 5208 and 378?
42
Calculate the highest common factor of 82498 and 266.
38
What is the greatest common divisor of 55366 and 1175?
47
Calculate the greatest common divisor of 7700 and 625.
25
Calculate the greatest common factor of 56 and 2784.
8
What is the highest common factor of 1053 and 946647?
1053
Calculate the greatest common factor of 17297 and 98.
49
What is the greatest common factor of 222956 and 14436?
1604
What is the highest common divisor of 10 and 1342?
2
Calculate the highest common divisor of 136 and 512.
8
What is the highest common factor of 552 and 9039?
69
What is the highest common factor of 278 and 24738942?
278
Calculate the highest common factor of 20 and 3140.
20
What is the greatest common factor of 16 and 1007?
1
What is the highest common factor of 1179 and 145279?
131
Calculate the highest common divisor of 1742 and 85904.
26
What is the greatest common divisor of 582 and 12?
6
What is the highest common factor of 3138270 and 30?
30
Calculate the highest common divisor of 854 and 47946.
122
What is the greatest common divisor of 55600 and 2600?
200
Calculate the greatest common factor of 30 and 36678.
6
Calculate the greatest common divisor of 332 and 3632.
4
Calculate the highest common divisor of 432 and 7038.
18
Calculate the greatest common factor of 354 and 64192.
118
Calculate the highest common factor of 316008 and 2268.
756
What is the highest common divisor of 31 and 490823?
31
Calculate the greatest common divisor of 152 and 51547.
19
Calculate the greatest common factor of 77381 and 694.
347
What is the greatest common factor of 115160 and 320?
40
What is the highest common factor of 2376742 and 964?
482
What is the highest common divisor of 130 and 2083328?
26
Calculate the highest common divisor of 5031 and 20898.
387
What is the greatest common divisor of 2886 and 28416?
222
What is the highest common divisor of 147989 and 206828?
1783
Calculate the greatest common divisor of 513 and 936909.
171
Calculate the greatest common factor of 506 and 182303.
11
Calculate the highest common factor of 106 and 444829.
53
What is the highest common factor of 5146 and 1178?
62
Calculate the greatest common factor of 89991 and 2121.
303
Calculate the highest common divisor of 185241 and 21.
21
What is the greatest common factor of 36102 and 462?
66
Calculate the highest common factor of 66089 and 2.
1
Calculate the highest common divisor of 41736 and 777.
111
Calculate the highest common divisor of 6046145 and 70.
35
Calculate the greatest common factor of 2623 and 488.
61
What is the greatest common factor of 1751316 and 24?
12
What is the highest common divisor of 8983 and 5?
1
What is the highest common factor of 240 and 485920?
80
What is the highest common factor of 11507 and 1244?
311
What is the highest common factor of 4825 and 770070?
965
What is the greatest common factor of 70 and 4032?
14
What is the highest common factor of 6230 and 1162?
14
What is the greatest common divisor of 8624 and 140?
28
Calculate the greatest common factor of 42 and 3947853.
21
Calculate the greatest common divisor of 1090921 and 26.
13
Calculate the highest common factor of 14244 and 3012.
12
What is the greatest common divisor of 15655 and 310?
155
What is the highest common divisor of 18030 and 165?
15
What is the greatest common divisor of 834490 and 10?
10
Calculate the highest common factor of 456 and 11001.
57
What is the greatest common divisor of 1666 and 352359?
833
Calculate the highest common divisor of 15485 and 137735.
815
What is the highest common factor of 2873 and 4225?
169
What is the highest common factor of 38830 and 1870?
110
What is the greatest common divisor of 4 and 8812?
4
Calculate the greatest common factor of 24688 and 3376.
16
What is the greatest common factor of 3648 and 528?
48
What is the greatest common factor of 187145 and 175?
35
What is the highest common divisor of 14 and 517132?
14
What is the greatest common factor of 1356836 and 169?
13
What is the greatest common divisor of 66380 and 60?
20
What is the greatest common factor of 154 and 105259?
77
What is the greatest common divisor of 27279 and 45?
9
Calculate the highest common factor of 162127 and 21518.
371
Calculate the highest common factor of 68538 and 36.
6
What is the greatest common divisor of 150 and 20550?
150
What is the highest common divisor of 704 and 21376?
64
Calculate the greatest common divisor of 84 and 4844.
28
What is the highest common factor of 195 and 2980185?
195
What is the highest common divisor of 20856 and 638?
22
Calculate the greatest common factor of 1905372 and 252.
252
Calculate the greatest common divisor of 135144 and 27.
9
Calculate the greatest common divisor of 739 and 32.
1
Calculate the greatest common divisor of 13692 and 70.
14
What is the greatest common divisor of 11676655 and 631?
631
What is the greatest common factor of 218 and 676?
2
Calculate the greatest common divisor of 68 and 